452133?
True
Does 445 divide 730848?
False
Is 24 a factor of 220080?
True
Is 58 a factor of 50591?
False
Does 206 divide 2534006?
True
Is 865 a factor of 4427070?
True
Is 470 a factor of 3116167?
False
Does 3 divide 550752?
True
Does 11 divide 54186?
True
Does 488 divide 2684976?
True
Is 58 a factor of 5251?
False
Is 1006732 a multiple of 233?
False
Is 264860 a multiple of 76?
True
Is 9385283 a multiple of 11?
False
Is 239 a factor of 3518558?
True
Is 12 a factor of 236676?
True
Is 132788 a multiple of 23?
False
Is 16 a factor of 625776?
True
Is 493277 a multiple of 75?
False
Does 366 divide 217038?
True
Is 35211 a multiple of 291?
True
Does 11 divide 531979?
False
Is 2 a factor of 3598?
True
Is 66 a factor of 25306?
False
Does 30 divide 2316000?
True
Does 948 divide 4357008?
True
Is 153528 a multiple of 3?
True
Does 157 divide 3511311?
False
Is 2434791 a multiple of 64?
False
Does 745 divide 1493524?
False
Is 13 a factor of 204750?
True
Is 118 a factor of 532182?
False
Is 14 a factor of 50740?
False
Is 392 a factor of 1236760?
True
Is 23 a factor of 2752295?
True
Is 57 a factor of 432744?
True
Is 183795 a multiple of 26?
False
Does 88 divide 8754050?
False
Does 652 divide 1650864?
True
Does 115 divide 153410?
True
Is 10604 a multiple of 44?
True
Is 3029376 a multiple of 896?
True
Does 342 divide 119020?
False
Is 2267536 a multiple of 1856?
False
Is 192145 a multiple of 277?
False
Does 17 divide 16137029?
True
Is 5 a factor of 783660?
True
Does 1099 divide 8507735?
False
Is 10 a factor of 257459?
False
Is 73179 a multiple of 27?
False
Is 3 a factor of 142838?
False
Is 12768 a multiple of 12?
True
Is 15367728 a multiple of 37?
True
Is 10 a factor of 8972657?
False
Is 2 a factor of 89395?
False
Is 103 a factor of 47792?
True
Is 854042 a multiple of 6?
False
Is 83 a factor of 836640?
True
Does 7 divide 21213?
False
Is 11284868 a multiple of 217?
True
Does 19 divide 437380?
True
Is 11 a factor of 603967?
False
Does 127 divide 185535?
False
Is 2083559 a multiple of 16?
False
Does 8 divide 376319?
False
Does 13 divide 135733?
True
Is 5 a factor of 22790?
True
Does 188 divide 6500852?
True
Is 17 a factor of 528106?
False
Does 125 divide 3970461?
False
Is 35 a factor of 116473?
False
Is 1020 a factor of 8215080?
True
Does 1009 divide 1663230?
False
Is 93896 a multiple of 97?
True
Does 771 divide 740135?
False
Is 33 a factor of 730353?
False
Is 156584 a multiple of 25?
False
Is 56436 a multiple of 166?
False
Is 346744 a multiple of 89?
True
Is 37 a factor of 1392791?
True
Does 28 divide 189551?
False
Does 24 divide 876216?
True
Does 47 divide 847409?
False
Is 723 a factor of 3309068?
False
Is 136 a factor of 106488?
True
Is 1580 a factor of 1355640?
True
Does 53 divide 5039134?
True
Is 2697175 a multiple of 229?
False
Is 225828 a multiple of 13?
False
Is 227772 a multiple of 57?
True
Is 60960 a multiple of 127?
True
Is 608606 a multiple of 15?
False
Is 5737459 a multiple of 13?
True
Is 4848660 a multiple of 15?
True
Does 93 divide 1719012?
True
Is 1189242 a multiple of 90?
False
Does 64 divide 68952?
False
Is 120 a factor of 14706360?
True
Is 962668 a multiple of 459?
False
Is 51 a factor of 174218?
False
Is 19 a factor of 124678?
True
Is 96 a factor of 2873376?
True
Is 283632 a multiple of 304?
True
Is 3509497 a multiple of 314?
False
Is 156 a factor of 675298?
False
Is 73794 a multiple of 6?
True
Is 307 a factor of 4811611?
True
Is 182 a factor of 3934294?
True
Is 61 a factor of 633760?
False
Is 10 a factor of 230820?
True
Is 1511088 a multiple of 8?
True
Is 18 a factor of 2903943?
False
Is 360 a factor of 190067?
False
Does 195 divide 90870?
True
Is 59784 a multiple of 106?
True
Does 478 divide 2976028?
True
Is 1030707 a multiple of 213?
True
Is 106 a factor of 2070710?
True
Does 14 divide 1055950?
True
Does 4 divide 543415?
False
Is 168 a factor of 106399?
False
Is 18 a factor of 5267199?
False
Does 59 divide 60829?
True
Is 14 a factor of 13885010?
False
Is 149620 a multiple of 80?
False
Is 19 a factor of 320632?
False
Is 10 a factor of 1470310?
True
Is 31757 a multiple of 19?
False
Is 111362 a multiple of 20?
False
Is 1563111 a multiple of 718?
False
Is 161478 a multiple of 18?
True
Does 401 divide 112074?
False
Is 311984 a multiple of 3?
False
Is 122476 a multiple of 52?
False
Is 1774858 a multiple of 73?
False
Is 8 a factor of 2512?
True
Is 328235 a multiple of 8?
False
Is 462944 a multiple of 184?
True
Is 10 a factor of 1789359?
False
Does 29 divide 432208?
False
Is 94486 a multiple of 119?
True
Is 207 a factor of 1242?
True
Is 2411050 a multiple of 20?
False
Is 24 a factor of 101976?
True
Does 14 divide 21228287?
False
Does 5 divide 27453?
False
Is 2600807 a multiple of 263?
True
Does 19 divide 476591?
False
Is 1858473 a multiple of 688?
False
Is 30551 a multiple of 3?
False
Is 154992 a multiple of 24?
True
Is 66410 even?
True
Does 26 divide 2012742?
False
Is 17 a factor of 991219?
True
Is 5034 a multiple of 12?
False
Is 4469820 a multiple of 15?
True
Is 71792 a multiple of 26?
False
Is 326456 a multiple of 13?
True
Does 11 divide 116397?
False
Does 266 divide 1796564?
True
Is 10 a factor of 126780?
True
Is 255964 a multiple of 178?
True
Is 297278 a multiple of 258?
False
Is 224285 a multiple of 18?
False
Is 7 a factor of 55489?
True
Is 1173954 a multiple of 14?
False
Is 890318 a multiple of 22?
True
Is 32 a factor of 180115?
False
Is 11 a factor of 563516?
False
Does 64 divide 420992?
True
Is 4 a factor of 30655?
False
Does 57 divide 2390939?
False
Is 869910 a multiple of 10?
True
Is 1089204 a multiple of 597?
False
Does 51 divide 1785255?
True
Is 8 a factor of 8296696?
True
Is 16742863 a multiple of 35?
False
Does 2 divide 583860?
True
Is 866028 a multiple of 7?
False
Is 1733898 a multiple of 51?
True
Does 544 divide 149056?
True
Does 52 divide 189020?
True
Does 12 divide 3556746?
False
Is 914223 a multiple of 3?
True
Is 3845552 a multiple of 10?
False
Is 42185 a multiple of 59?
True
Is 12 a factor of 1058599?
False
Is 414 a factor of 21528?
True
Is 19 a factor of 71953?
True
Does 220 divide 5115220?
True
Is 172 a factor of 12461400?
True
Does 84 divide 16772815?
False
Is 12493160 a multiple of 523?
False
Is 928515 a multiple of 555?
True
Is 220 a factor of 128139?
False
Is 384 a factor of 1082363?
False
Does 72 divide 1529159?
False
Is 87876 a multiple of 191?
False
Is 7 a factor of 104636?
True
Is 2 a factor of 244627?
False
Does 3 divide 53985?
True
Is 198656 a multiple of 689?
False
Is 63 a factor of 214363?
False
Is 328 a factor of 2316336?
True
Is 241930 a multiple of 5?
True
Is 610719 a multiple of 501?
True
Is 16 a factor of 123056?
True
Is 6 a factor of 984941?
False
Is 27 a factor of 559632?
False
Does 23 divide 150420?
True
Does 97 divide 686663?
True
Is 42 a factor of 273585?
False
Is 51408 a multiple of 10?
False
Does 182 divide 9419197?
False
Does 235 divide 183243?
False
Does 13 divide 11837085?
True
Is 269 a factor of 14102152?
False
Does 28 divide 286433?
False
Does 19 divide 364337?
False
Is 225 a factor of 166227?
False
Is 15 a factor of 30590?
False
Does 12 divide 1028016?
True
Is 7571040 a multiple of 10?
True
Is 9 a factor of 253695?
False
Is 280552 a multiple of 276?
False
Is 180963 a multiple of 14?
False
Does 1270 divide 1624330?
True
Is 20 a factor of 8121080?
True
Is 508411 a multiple of 111?
False
Is 10896 a multiple of 16?
True
Does 43 divide 136411?
False
Is 666 a factor of 1513520?
False
Is 1198210 a multiple of 9?
False
Is 21 a factor of 19144214?
False
Does 32 divide 85804?
False
Is 96 a factor of 2910816?
True
Is 59 a factor of 21969358?
True
Does 8 divide 272971?
False
Does 21 divide 258604?
False
Does 11 divide 831415?
False
Is 310 a factor of 1212410?
True
Is 1394 a factor of 6395672?
True
Is 11603520 a multiple of 1020?
True
Does 7 divide 1124?
False
Is 642348 a multiple of 14?
True
Is 4495062 a multiple of 26?
True
Is 216765 a multiple of 131?
False
Does 23 divide 1964775?
True
Is 1463265 a multiple of 274?
False
Does 5 divide 63310?
True
Does 755 divide 2647727?
False
Is 794 a factor of 7999550?
True
Does 438 divide 14321286?
True
Does 5 divide 78728?
False
Does 100 divide 3846661?
False
Does 388 divide 766005?
False
Is 141064 a multiple of 28?
True
Is 3950 a multiple of 158?
True
Does 8 divide 81